{"id":5,"date":"2020-01-13T11:17:52","date_gmt":"2020-01-13T11:17:52","guid":{"rendered":"https:\/\/demosites.io\/web-agency-gb\/?page_id=5"},"modified":"2025-09-22T14:23:00","modified_gmt":"2025-09-22T12:23:00","slug":"home","status":"publish","type":"page","link":"https:\/\/www.humanisierte.at\/","title":{"rendered":"Home"},"content":{"rendered":"\n<div class=\"wp-block-cover alignfull is-light section-teaser\" style=\"min-height:50px;aspect-ratio:unset;\"><span aria-hidden=\"true\" class=\"wp-block-cover__background has-background-dim-0 has-background-dim\"><\/span><div class=\"wp-block-cover__inner-container is-layout-flow wp-block-cover-is-layout-flow\">\n<h1 class=\"wp-block-heading has-text-align-center sr-only\">humanisierte arbeitsst\u00e4tte<\/h1>\n\n\n\n<div class=\"wp-block-columns is-layout-flex wp-container-core-columns-is-layout-9d6595d7 wp-block-columns-is-layout-flex\">\n<div class=\"wp-block-column is-layout-flow wp-block-column-is-layout-flow\"><div class=\"wp-block-image icon-style is-style-default\">\n<figure class=\"aligncenter size-full is-resized\"><img loading=\"lazy\" decoding=\"async\" width=\"800\" height=\"533\" src=\"https:\/\/www.humanisierte.at\/wp-content\/uploads\/2025\/07\/Hbild-56_resized.jpg\" alt=\"eine noch rohe Keramikschale wird mit einem Werkzeug bearbeitet\" class=\"wp-image-1835\" style=\"width:200px\" srcset=\"https:\/\/www.humanisierte.at\/wp-content\/uploads\/2025\/07\/Hbild-56_resized.jpg 800w, https:\/\/www.humanisierte.at\/wp-content\/uploads\/2025\/07\/Hbild-56_resized-300x200.jpg 300w, https:\/\/www.humanisierte.at\/wp-content\/uploads\/2025\/07\/Hbild-56_resized-768x512.jpg 768w\" sizes=\"auto, (max-width: 800px) 100vw, 800px\" \/><\/figure><\/div>\n\n\n<h2 class=\"wp-block-heading has-text-align-center has-neve-text-color-color has-text-color\"><a href=\"https:\/\/www.humanisierte.at\/tagesstruktur\/kreativwerkstatt-im-8en\/\" title=\"Tagesstruktur\">Tagesstruktur<\/a><\/h2>\n\n\n\n<p class=\"has-text-align-center\">F\u00fcr Besitzer einer Bewilligung des FSW er\u00f6ffnet sich das vielf\u00e4ltige Arbeitsangebot unserer Kreativwerkstatt im 8en.<\/p>\n\n\n\n<div style=\"height:20px\" aria-hidden=\"true\" class=\"wp-block-spacer\"><\/div>\n<\/div>\n\n\n\n<div class=\"wp-block-column is-layout-flow wp-block-column-is-layout-flow\"><div class=\"wp-block-image icon-style is-style-default\">\n<figure class=\"aligncenter size-full\"><img decoding=\"async\" src=\"https:\/\/www.humanisierte.at\/wp-content\/uploads\/2025\/06\/logo-bip.svg\" alt=\"Logo bip\" class=\"wp-image-1923\"\/><\/figure><\/div>\n\n\n<h2 class=\"wp-block-heading has-text-align-center has-neve-text-color-color has-text-color\"><a href=\"https:\/\/www.humanisierte.at\/berufsintegration\/\" title=\"Berufsintegration\">Berufsintegration<\/a><\/h2>\n\n\n\n<p class=\"has-text-align-center\">Individuelle Unterst\u00fctzung bei der Jobsuche und beste Vermittlungschancen f\u00fcr Menschen mit Behinderung. <\/p>\n\n\n\n<div style=\"height:20px\" aria-hidden=\"true\" class=\"wp-block-spacer\"><\/div>\n<\/div>\n\n\n\n<div class=\"wp-block-column is-layout-flow wp-block-column-is-layout-flow\"><div class=\"wp-block-image icon-style is-style-default\">\n<figure class=\"aligncenter size-full\"><img loading=\"lazy\" decoding=\"async\" width=\"640\" height=\"452\" src=\"https:\/\/www.humanisierte.at\/wp-content\/uploads\/2025\/07\/Zertifikat-vom-Lehrabschluss.jpg\" alt=\"Zertifikat vom Lehrabschluss\" class=\"wp-image-2547\" title=\"\" srcset=\"https:\/\/www.humanisierte.at\/wp-content\/uploads\/2025\/07\/Zertifikat-vom-Lehrabschluss.jpg 640w, https:\/\/www.humanisierte.at\/wp-content\/uploads\/2025\/07\/Zertifikat-vom-Lehrabschluss-300x212.jpg 300w\" sizes=\"auto, (max-width: 640px) 100vw, 640px\" \/><\/figure><\/div>\n\n\n<h2 class=\"wp-block-heading has-text-align-center has-neve-text-color-color has-text-color\"><a href=\"https:\/\/www.humanisierte.at\/lehre\/\" title=\"Lehre\">Lehre<\/a><\/h2>\n\n\n\n<p class=\"has-text-align-center\">Mit unserer Lehrlingsausbildung schaffst du dir ein solides berufliches Fundament. <\/p>\n\n\n\n<div style=\"height:20px\" aria-hidden=\"true\" class=\"wp-block-spacer\"><\/div>\n<\/div>\n<\/div>\n<\/div><\/div>\n\n\n\n<div class=\"wp-block-cover alignfull section-news has-neve-text-color-color has-text-color has-link-color wp-elements-1d78e3d15fe6b6eab6d4834a27047bfb\" style=\"min-height:50px;aspect-ratio:unset;\" id=\"termine\"><span aria-hidden=\"true\" class=\"wp-block-cover__background has-nv-light-bg-background-color has-background-dim-100 has-background-dim\"><\/span><div class=\"wp-block-cover__inner-container is-layout-flow wp-block-cover-is-layout-flow\">\n<h2 class=\"wp-block-heading\">Termine\/Veranstaltungen <\/h2>\n\n\n<div class=\"custom-posts\"><div class=\"post\"><a href=\"https:\/\/www.humanisierte.at\/termine\/infoveranstaltung-fuer-kursteilnehmerinnen-4\/\">Infoveranstaltung f\u00fcr Kursteilnehmer*innen<\/a><div class=\"excerpt\">ACHTUNG: Derzeit finden bis auf weiteres keine Infoveranstaltungen statt!<\/div><\/div><\/div>\n\n\n\n<div class=\"wp-block-buttons is-layout-flex wp-block-buttons-is-layout-flex\">\n<div class=\"wp-block-button\"><a class=\"wp-block-button__link wp-element-button\" href=\"https:\/\/www.humanisierte.at\/termine\/\">weitere Termine<\/a><\/div>\n<\/div>\n<\/div><\/div>\n\n\n\n<div class=\"wp-block-cover section-testimonials has-neve-text-color-color has-text-color has-link-color wp-elements-dd5750c5f126b9b82218ccb27c287a9b\" style=\"min-height:50px;aspect-ratio:unset;\"><span aria-hidden=\"true\" class=\"wp-block-cover__background has-nv-site-bg-background-color has-background-dim-100 has-background-dim\"><\/span><div class=\"wp-block-cover__inner-container is-layout-flow wp-block-cover-is-layout-flow\">\n<h2 class=\"wp-block-heading\">Stimmen \u00fcber unsere Organisation<\/h2>\n\n\n\n<div class=\"wp-block-columns is-layout-flex wp-container-core-columns-is-layout-9d6595d7 wp-block-columns-is-layout-flex\">\n<div class=\"wp-block-column ticss-4ce656f1 is-layout-flow wp-block-column-is-layout-flow\">\n<figure class=\"wp-block-image size-full is-resized is-style-rounded\"><img loading=\"lazy\" decoding=\"async\" width=\"200\" height=\"231\" src=\"https:\/\/www.humanisierte.at\/wp-content\/uploads\/2025\/07\/Christopher-Hurm.jpg\" alt=\"Christopher Hurm\" class=\"wp-image-2848\" style=\"width:80px;height:80px\"\/><\/figure>\n\n\n\n<p class=\"has-text-align-left\">\u201cHier darf ich sein, wie ich bin \u2013 und genau das macht den Unterschied.\u201c<\/p>\n\n\n\n<p>Christopher Hurm, Teilnehmer<\/p>\n<\/div>\n\n\n\n<div class=\"wp-block-column ticss-f6fc7494 is-layout-flow wp-block-column-is-layout-flow\">\n<figure class=\"wp-block-image size-full is-resized is-style-rounded\"><img loading=\"lazy\" decoding=\"async\" width=\"2560\" height=\"1920\" src=\"https:\/\/www.humanisierte.at\/wp-content\/uploads\/2025\/07\/20190418_150150-scaled-1.jpg\" alt=\"S\u00fcsses Konfekt\" class=\"wp-image-2045\" style=\"width:80px;height:80px\" srcset=\"https:\/\/www.humanisierte.at\/wp-content\/uploads\/2025\/07\/20190418_150150-scaled-1.jpg 2560w, https:\/\/www.humanisierte.at\/wp-content\/uploads\/2025\/07\/20190418_150150-scaled-1-300x225.jpg 300w, https:\/\/www.humanisierte.at\/wp-content\/uploads\/2025\/07\/20190418_150150-scaled-1-1024x768.jpg 1024w, https:\/\/www.humanisierte.at\/wp-content\/uploads\/2025\/07\/20190418_150150-scaled-1-768x576.jpg 768w, https:\/\/www.humanisierte.at\/wp-content\/uploads\/2025\/07\/20190418_150150-scaled-1-1536x1152.jpg 1536w, https:\/\/www.humanisierte.at\/wp-content\/uploads\/2025\/07\/20190418_150150-scaled-1-2048x1536.jpg 2048w\" sizes=\"auto, (max-width: 2560px) 100vw, 2560px\" \/><\/figure>\n\n\n\n<p>&#8222;Die Mitarbeiter:innen, die durch das BIP Unik.at &amp; Mentorix in unser Unternehmen kamen, haben einen bedeutenden Mehrwert f\u00fcr unser Unternehmen gebracht. Wir sch\u00e4tzen die professionelle und vertrauensvolle Zusammenarbeit sehr und werden auch zuk\u00fcnftig auf die Organisation als fixen Bestandteil unserer Recruitingstrategie f\u00fcr Menschen mit Behinderung z\u00e4hlen.&#8220;<\/p>\n\n\n\n<p>Thomas Bogendorfer, Manager, Dussmann<\/p>\n<\/div>\n\n\n\n<div class=\"wp-block-column ticss-a5b4df29 is-layout-flow wp-block-column-is-layout-flow\">\n<figure class=\"wp-block-image size-full is-resized is-style-rounded\"><img decoding=\"async\" src=\"https:\/\/www.humanisierte.at\/wp-content\/uploads\/2025\/06\/IMG_1690-350x350-1.jpg\" alt=\"Christoph Thie\" class=\"wp-image-1150\" style=\"width:80px;height:80px\"\/><\/figure>\n\n\n\n<p class=\"has-text-align-left\">\u201cIn der Humanisierten Arbeitsst\u00e4tte gibt es ein sehr unterst\u00fctzendes und f\u00f6rderndes Umfeld. Das hilft jedem Menschen seine F\u00e4higkeiten und Selbstvertrauen zu entwickeln.\u201d<\/p>\n\n\n\n<p>Christoph Thie, B\u00fcrolehrling<\/p>\n<\/div>\n<\/div>\n<\/div><\/div>\n\n\n\n<p><\/p>\n","protected":false},"excerpt":{"rendered":"","protected":false},"author":1,"featured_media":0,"parent":0,"menu_order":1,"comment_status":"closed","ping_status":"closed","template":"","meta":{"_acf_changed":false,"neve_meta_sidebar":"default","neve_meta_container":"default","neve_meta_enable_content_width":"on","neve_meta_content_width":100,"neve_meta_title_alignment":"","neve_meta_author_avatar":"","neve_post_elements_order":"","neve_meta_disable_header":"","neve_meta_disable_footer":"","neve_meta_disable_title":"on","neve_meta_reading_time":"","slim_seo":{"description":"ACHTUNG: Derzeit finden bis auf weiteres keine Infoveranstaltungen statt ! Ablauf einer Informationsveranstaltung Wir ersuchen Sie nur, wenn Sie sich gesund f\u00fch","title":"Infoveranstaltung f\u00fcr Kursteilnehmer*innen - humanisierte arbeitsst\u00e4tte"},"footnotes":""},"class_list":["post-5","page","type-page","status-publish","hentry"],"acf":[],"publishpress_future_action":{"enabled":false,"date":"2026-04-21 23:46:40","action":"change-status","newStatus":"draft","terms":[],"taxonomy":"translation_priority","extraData":[]},"publishpress_future_workflow_manual_trigger":{"enabledWorkflows":[]},"_links":{"self":[{"href":"https:\/\/www.humanisierte.at\/wp-json\/wp\/v2\/pages\/5","targetHints":{"allow":["GET"]}}],"collection":[{"href":"https:\/\/www.humanisierte.at\/wp-json\/wp\/v2\/pages"}],"about":[{"href":"https:\/\/www.humanisierte.at\/wp-json\/wp\/v2\/types\/page"}],"author":[{"embeddable":true,"href":"https:\/\/www.humanisierte.at\/wp-json\/wp\/v2\/users\/1"}],"replies":[{"embeddable":true,"href":"https:\/\/www.humanisierte.at\/wp-json\/wp\/v2\/comments?post=5"}],"version-history":[{"count":57,"href":"https:\/\/www.humanisierte.at\/wp-json\/wp\/v2\/pages\/5\/revisions"}],"predecessor-version":[{"id":3354,"href":"https:\/\/www.humanisierte.at\/wp-json\/wp\/v2\/pages\/5\/revisions\/3354"}],"wp:attachment":[{"href":"https:\/\/www.humanisierte.at\/wp-json\/wp\/v2\/media?parent=5"}],"curies":[{"name":"wp","href":"https:\/\/api.w.org\/{rel}","templated":true}]}}